{"id":133,"date":"2013-08-06T16:46:13","date_gmt":"2013-08-06T13:46:13","guid":{"rendered":"http:\/\/doctor.madza-wordpress-premium-themes.com\/?page_id=6"},"modified":"2025-12-09T20:50:02","modified_gmt":"2025-12-09T17:50:02","slug":"homepage","status":"publish","type":"page","link":"http:\/\/eyupguzeltepeasm.com\/","title":{"rendered":"Anasayfa"},"content":{"rendered":"<p>[vc_row background_image=&#8221;2282&#8243; padding_top=&#8221;30&#8243; padding_bottom=&#8221;30&#8243;][vc_column][vc_column_text css_animation=&#8221;top-to-bottom&#8221;]<\/p>\n<h1 style=\"text-align: center;\"><span style=\"color: #ffffff;\"><strong>G\u00fczeltepe Aile Sa\u011fl\u0131\u011f\u0131 Merkezi<\/strong><br \/>\n<\/span><\/h1>\n<h3 style=\"text-align: center;\"><span style=\"color: #ffffff;\">Ey\u00fcp G\u00fczeltepe Aile Sa\u011fl\u0131\u011f\u0131 Merkezi internet sitesine ho\u015fgeldiniz.<\/span><\/h3>\n<p>[\/vc_column_text][\/vc_column][\/vc_row][vc_row][vc_column][vc_column_text css_animation=&#8221;top-to-bottom&#8221;]<\/p>\n<h1 class=\"head-info\" style=\"text-align: center;\"><span style=\"color: #000000;\"><b>DUYURU<\/b><\/span><\/h1>\n<div class=\"head-info\"><\/div>\n<h4 class=\"head-info\" style=\"text-align: justify;\">Hastalar\u0131m\u0131z art\u0131k TC Kimlik Numaras\u0131 verilip, randevu al\u0131nacak olan hastane ve hekim bildirildikten sonra, yetkili hekimin hangi saatte randevu kabul etti\u011fi konusunda hastaya bilgi verecektir. Bu \u015fekilde hasta, s\u0131ra beklemeden, randevu ald\u0131\u011f\u0131 saatte muayene olabilecek.<\/h4>\n<h4 class=\"head-info\"><\/h4>\n<h3 style=\"text-align: center;\"><strong><span style=\"color: #888888;\"><a href=\"http:\/\/www.hastanerandevu.gov.tr\/Randevu\"><span style=\"color: #888888;\">RANDEVU S\u0130STEM\u0130<\/span><\/a><\/span><\/strong><\/h3>\n<p>[\/vc_column_text][padding_spacer space_count=&#8221;15&#8243;][madza_custom_post_type posttype=&#8221;our-services&#8221; columns=&#8221;4&#8243; nav=&#8221;1&#8243; item_nr=&#8221;8&#8243; sorting=&#8221;ASC&#8221; height=&#8221;150&#8243; buttonss=&#8221;&#8221; css_animation=&#8221;top-to-bottom&#8221; button=&#8221;Read More&#8221;][\/vc_column][\/vc_row][vc_row background_color=&#8221;#f5f5f5&#8243;][vc_column][vc_empty_space][vc_empty_space][vc_column_text css_animation=&#8221;top-to-bottom&#8221;]<\/p>\n<h1 style=\"text-align: center;\"><span style=\"color: #000000;\">Doktorlar\u0131m\u0131z<\/span><\/h1>\n<h3 style=\"text-align: center;\"><span id=\"cphMainContent_lblContent\" class=\"ContentText\">Nitelikli sa\u011fl\u0131k hizmetini s\u00fcrekli geli\u015ftiren, akademik de\u011ferlere \u00f6nem veren t\u0131bbi kadrosu ve yetkin \u00e7al\u0131\u015fanlar\u0131 ile aile sa\u011fl\u0131\u011f\u0131 merkezimiz hizmetinizdedir. Doktorlar\u0131m\u0131za alt taraftaki linkten ula\u015fabilirsiniz.<br \/>\n<\/span> <span style=\"color: #888888;\"><a href=\"http:\/\/www.eyupguzeltepeasm.com\"><span style=\"color: #888888;\">Doktorlar\u0131m\u0131z\u0131 Tan\u0131y\u0131n<\/span><\/a><\/span><\/h3>\n<p>[\/vc_column_text][padding_spacer space_count=&#8221;15&#8243;][madza_custom_post_type posttype=&#8221;our-doctors&#8221; columns=&#8221;4&#8243; item_nr=&#8221;8&#8243; category=&#8221;doktor&#8221; sorting=&#8221;ASC&#8221; sortingby=&#8221;date&#8221; excerpt=&#8221;50&#8243; height=&#8221;400&#8243; button=&#8221;Daha Fazla&#8221;][\/vc_column][\/vc_row][vc_row background_color=&#8221;#f5f5f5&#8243;][vc_column][vc_empty_space][vc_column_text css_animation=&#8221;top-to-bottom&#8221;]<\/p>\n<h1 style=\"text-align: center;\"><span style=\"color: #000000;\">T\u0131bbi Sekreterlerimiz<br \/>\n<\/span><\/h1>\n<h3 style=\"text-align: center;\"><span id=\"cphMainContent_lblContent\" class=\"ContentText\">T\u0131bbi Sekreterlerimiz alt taraftaki linkten ula\u015fabilirsiniz.<br \/>\n<\/span><span style=\"color: #888888;\"><span style=\"color: #888888;\"><a href=\"http:\/\/www.eyupguzeltepeasm.com\">Aile Sa\u011fl\u0131\u011f\u0131 Elemanlar\u0131m\u0131z\u0131 Tan\u0131y\u0131n<\/a><\/span><\/span><\/h3>\n<p>[\/vc_column_text][padding_spacer space_count=&#8221;15&#8243;][madza_custom_post_type posttype=&#8221;our-doctors&#8221; columns=&#8221;4&#8243; item_nr=&#8221;8&#8243; category=&#8221;tibbi&#8221;\u00a0sorting=&#8221;ASC&#8221; sortingby=&#8221;date&#8221; include=&#8221;2917,2915,2919&#8243; excerpt=&#8221;50&#8243; height=&#8221;400&#8243; button=&#8221;Daha Fazla&#8221;][\/vc_column][\/vc_row][vc_row background_color=&#8221;#f5f5f5&#8243;][vc_column][vc_empty_space][vc_column_text css_animation=&#8221;top-to-bottom&#8221;]<\/p>\n<h1 style=\"text-align: center;\"><span style=\"color: #000000;\">Aile Sa\u011fl\u0131\u011f\u0131 Elemanlar\u0131m\u0131z<\/span><\/h1>\n<h3 style=\"text-align: center;\"><span id=\"cphMainContent_lblContent\" class=\"ContentText\">\u00a0Aile Sa\u011fl\u0131\u011f\u0131 Elemanlar\u0131m\u0131za\u00a0alt taraftaki linkten ula\u015fabilirsiniz.<br \/>\n<\/span><span style=\"color: #888888;\"><span style=\"color: #888888;\"><a href=\"http:\/\/www.eyupguzeltepeasm.com\">Aile Sa\u011fl\u0131\u011f\u0131 Elemanlar\u0131m\u0131z\u0131 Tan\u0131y\u0131n<\/a><\/span><\/span><\/h3>\n<p>[\/vc_column_text][padding_spacer space_count=&#8221;15&#8243;][madza_custom_post_type posttype=&#8221;our-doctors&#8221; columns=&#8221;4&#8243; item_nr=&#8221;8&#8243; category=&#8221;ase&#8221; sortingby=&#8221;date&#8221; include=&#8221;2701,2705,2707,2709,2849,2893,2711,2937&#8243; exclude=&#8221;2915&#8243; excerpt=&#8221;50&#8243; height=&#8221;400&#8243; button=&#8221;Daha Fazla&#8221;][\/vc_column][\/vc_row][vc_row background_image=&#8221;2275&#8243; padding_top=&#8221;80&#8243; padding_bottom=&#8221;100&#8243; custom_css=&#8221;background-size: cover;<br \/>\n-webkit-background-size: cover;<br \/>\n-moz-background-size: cover;<br \/>\n-o-background-size: cover;&#8221; el_position=&#8221;first last&#8221; css=&#8221;.vc_custom_1411132918156{background-position: center !important;background-repeat: no-repeat !important;background-size: cover !important;}&#8221;][vc_column_text]<br \/>\n[\/vc_column_text][\/vc_row][vc_row][vc_column][\/vc_column][\/vc_row][vc_row][vc_column][padding_spacer space_count=&#8221;5&#8243;][\/vc_column][\/vc_row]<\/p>\n","protected":false},"excerpt":{"rendered":"<p>[vc_row background_image=&#8221;2282&#8243; padding_top=&#8221;30&#8243; padding_bottom=&#8221;30&#8243;][vc_column][vc_column_text css_animation=&#8221;top-to-bottom&#8221;] G\u00fczeltepe Aile Sa\u011fl\u0131\u011f\u0131 Merkezi Ey\u00fcp G\u00fczeltepe Aile Sa\u011fl\u0131\u011f\u0131 Merkezi internet sitesine ho\u015fgeldiniz. [\/vc_column_text][\/vc_column][\/vc_row][vc_row][vc_column][vc_column_text css_animation=&#8221;top-to-bottom&#8221;] DUYURU Hastalar\u0131m\u0131z art\u0131k TC Kimlik Numaras\u0131 verilip, randevu al\u0131nacak olan hastane ve hekim bildirildikten sonra, yetkili hekimin hangi saatte randevu kabul etti\u011fi konusunda hastaya bilgi verecektir. Bu \u015fekilde hasta, s\u0131ra beklemeden, randevu ald\u0131\u011f\u0131 saatte muayene olabilecek. RANDEVU S\u0130STEM\u0130 [\/vc_column_text][padding_spacer space_count=&#8221;15&#8243;][madza_custom_post_type posttype=&#8221;our-services&#8221; columns=&#8221;4&#8243; nav=&#8221;1&#8243; item_nr=&#8221;8&#8243; sorting=&#8221;ASC&#8221; height=&#8221;150&#8243; buttonss=&#8221;&#8221; css_animation=&#8221;top-to-bottom&#8221; button=&#8221;Read More&#8221;][\/vc_column][\/vc_row][vc_row background_color=&#8221;#f5f5f5&#8243;][vc_column][vc_empty_space][vc_empty_space][vc_column_text css_animation=&#8221;top-to-bottom&#8221;] Doktorlar\u0131m\u0131z Nitelikli sa\u011fl\u0131k hizmetini s\u00fcrekli geli\u015ftiren, akademik de\u011ferlere \u00f6nem veren t\u0131bbi kadrosu ve yetkin \u00e7al\u0131\u015fanlar\u0131 ile aile sa\u011fl\u0131\u011f\u0131 merkezimiz hizmetinizdedir. Doktorlar\u0131m\u0131za alt taraftaki linkten ula\u015fabilirsiniz. Doktorlar\u0131m\u0131z\u0131 Tan\u0131y\u0131n [\/vc_column_text][padding_spacer space_count=&#8221;15&#8243;][madza_custom_post_type posttype=&#8221;our-doctors&#8221; columns=&#8221;4&#8243; item_nr=&#8221;8&#8243; category=&#8221;doktor&#8221; sorting=&#8221;ASC&#8221; sortingby=&#8221;date&#8221; excerpt=&#8221;50&#8243; height=&#8221;400&#8243; button=&#8221;Daha Fazla&#8221;][\/vc_column][\/vc_row][vc_row background_color=&#8221;#f5f5f5&#8243;][vc_column][vc_empty_space][vc_column_text css_animation=&#8221;top-to-bottom&#8221;] T\u0131bbi Sekreterlerimiz T\u0131bbi Sekreterlerimiz alt taraftaki linkten ula\u015fabilirsiniz. Aile Sa\u011fl\u0131\u011f\u0131 Elemanlar\u0131m\u0131z\u0131 Tan\u0131y\u0131n [\/vc_column_text][padding_spacer space_count=&#8221;15&#8243;][madza_custom_post_type posttype=&#8221;our-doctors&#8221; columns=&#8221;4&#8243; item_nr=&#8221;8&#8243; category=&#8221;tibbi&#8221;\u00a0sorting=&#8221;ASC&#8221; sortingby=&#8221;date&#8221; include=&#8221;2917,2915,2919&#8243; excerpt=&#8221;50&#8243; height=&#8221;400&#8243; button=&#8221;Daha Fazla&#8221;][\/vc_column][\/vc_row][vc_row background_color=&#8221;#f5f5f5&#8243;][vc_column][vc_empty_space][vc_column_text css_animation=&#8221;top-to-bottom&#8221;] Aile Sa\u011fl\u0131\u011f\u0131 Elemanlar\u0131m\u0131z \u00a0Aile Sa\u011fl\u0131\u011f\u0131 Elemanlar\u0131m\u0131za\u00a0alt taraftaki linkten ula\u015fabilirsiniz. Aile Sa\u011fl\u0131\u011f\u0131 Elemanlar\u0131m\u0131z\u0131 Tan\u0131y\u0131n [\/vc_column_text][padding_spacer space_count=&#8221;15&#8243;][madza_custom_post_type posttype=&#8221;our-doctors&#8221; columns=&#8221;4&#8243; item_nr=&#8221;8&#8243; category=&#8221;ase&#8221; sortingby=&#8221;date&#8221; include=&#8221;2701,2705,2707,2709,2849,2893,2711,2937&#8243; exclude=&#8221;2915&#8243; excerpt=&#8221;50&#8243; height=&#8221;400&#8243; button=&#8221;Daha Fazla&#8221;][\/vc_column][\/vc_row][vc_row background_image=&#8221;2275&#8243; padding_top=&#8221;80&#8243; padding_bottom=&#8221;100&#8243; custom_css=&#8221;background-size: cover; -webkit-background-size: cover; -moz-background-size: cover; -o-background-size: cover;&#8221; el_position=&#8221;first last&#8221; css=&#8221;.vc_custom_1411132918156{background-position: center !important;background-repeat: no-repeat !important;background-size: cover !important;}&#8221;][vc_column_text] [\/vc_column_text][\/vc_row][vc_row][vc_column][\/vc_column][\/vc_row][vc_row][vc_column][padding_spacer space_count=&#8221;5&#8243;][\/vc_column][\/vc_row]<\/p>\n","protected":false},"author":1,"featured_media":0,"parent":0,"menu_order":0,"comment_status":"closed","ping_status":"closed","template":"","meta":[],"_links":{"self":[{"href":"http:\/\/eyupguzeltepeasm.com\/index.php?rest_route=\/wp\/v2\/pages\/133"}],"collection":[{"href":"http:\/\/eyupguzeltepeasm.com\/index.php?rest_route=\/wp\/v2\/pages"}],"about":[{"href":"http:\/\/eyupguzeltepeasm.com\/index.php?rest_route=\/wp\/v2\/types\/page"}],"author":[{"embeddable":true,"href":"http:\/\/eyupguzeltepeasm.com\/index.php?rest_route=\/wp\/v2\/users\/1"}],"replies":[{"embeddable":true,"href":"http:\/\/eyupguzeltepeasm.com\/index.php?rest_route=%2Fwp%2Fv2%2Fcomments&post=133"}],"version-history":[{"count":69,"href":"http:\/\/eyupguzeltepeasm.com\/index.php?rest_route=\/wp\/v2\/pages\/133\/revisions"}],"predecessor-version":[{"id":2976,"href":"http:\/\/eyupguzeltepeasm.com\/index.php?rest_route=\/wp\/v2\/pages\/133\/revisions\/2976"}],"wp:attachment":[{"href":"http:\/\/eyupguzeltepeasm.com\/index.php?rest_route=%2Fwp%2Fv2%2Fmedia&parent=133"}],"curies":[{"name":"wp","href":"https:\/\/api.w.org\/{rel}","templated":true}]}}